 o - x*o + 27. Let h(b) = b**3 - 4*b**2 + b - 1. Let y be h(4). What is the highest common divisor of o and y?
3
Suppose -2*g = g + 15, 0 = 5*z - 5*g - 145. Calculate the highest common factor of 8 and z.
8
Suppose -3*j + 719 = 4*w, 2*w + 2*w - 3*j = 737. What is the highest common divisor of 26 and w?
26
Let s = 138 + -78. Calculate the greatest common divisor of 84 and s.
12
Suppose -9 = -4*g + 7. Calculate the highest common divisor of g and 64.
4
Let o = -24 + 34. What is the greatest common factor of o and 40?
10
Let b = -42 - -83. What is the greatest common factor of 41 and b?
41
Let n(j) = -2*j + 3. Suppose -2*h - 20 = -0*h. Let a be n(h). Let b = -14 + a. What is the greatest common factor of 9 and b?
9
Suppose 3*v - 5*k - 40 = 0, 0 = -0*v - 2*v - 3*k - 5. Suppose -v*z - 9 = 3*r, -r - z = 3*r - 5. What is the highest common divisor of r and 2?
2
Suppose -8 = -3*o - o. Let a = -2 - -3. Let m = a + o. Calculate the highest common factor of m and 9.
3
Let i(r) = -r**3 + 1. Let n be i(1). Let z(s) = 3 - 3 + 3*s + n. Let w be z(8). What is the highest common factor of 36 and w?
12
Let r(v) = 16*v + 1. Let k be r(3). Let p = -10 + 17. Calculate the highest common factor of k and p.
7
Suppose 3*i + 18 = t, 65 = 3*t + 5*i - 3. Let u be t + (-2 + 3)*3. What is the highest common divisor of 3 and u?
3
Let c(y) = -8*y**2 - 4 + 2*y**3 + 3 + 6*y + 1. Let q be c(5). Calculate the greatest common divisor of 16 and q.
16
Suppose -6*q - 40 = -2*q. Let x = q - -19. Suppose -338 = -6*v - 68. What is the greatest common divisor of x and v?
9
Let k be (-3)/(0 + 3) + 0. Let y be (-2 + (k - 0))*-13. Calculate the highest common factor of 13 and y.
13
Suppose -67 = 18*q - 823. What is the highest common factor of q and 14?
14
Let f be (-4 + 5)/((-2)/(-10)). Suppose u - f = -0. Suppose 3*m + 8*w - 51 = 3*w, 75 = 5*m + u*w. What is the greatest common factor of m and 4?
4
Let q be -1 + (-2 - (-1 - 1)). Let w = q - -1. Suppose 0 = 5*i - 5, w*i = 2*k - 3*i - 45. Calculate the greatest common factor of 6 and k.
6
Let b = -14 - -23. Suppose -3 = 5*h + 2*m, 4*h = m + 11 - 3. Calculate the highest common divisor of h and b.
1
Suppose 0 = -0*s + 4*s - 76. What is the greatest common factor of s and 19?
19
Suppose 5*d - 17 = 3. Suppose 4*x - 16 - 4 = 4*a, -4*a = d*x - 4. What is the highest common divisor of x and 2?
1
Suppose -50 = -0*u - 2*u + 4*g, 2*u - 18 = -4*g. Let d be -4 + 91 + 0 + -2. Calculate the highest common divisor of u and d.
17
Suppose 2*d + 4 - 18 = 0. Calculate the greatest common factor of 14 and d.
7
Suppose -5 + 21 = 4*s. Suppose -4*f + 485 = d, 0 = s*f - d + 3*d - 490. What is the greatest common factor of 15 and f?
15
Let c = -58 + 135. What is the greatest common divisor of 11 and c?
11
Let i be 4/((-8)/(-3))*-6. Let d(l) = -l**2 - 9*l + 13. Let n be d(i). Calculate the greatest common factor of 13 and n.
13
Let h(s) = 77*s - 2. Let f be h(1). Let r = -4 + 29. Calculate the highest common divisor of r and f.
25
Let t(j) be the first derivative of -1/4*j**4 + 4 - 15*j - 3/2*j**2 - 11/3*j**3. Let z be t(-11). What is the highest common divisor of 126 and z?
18
Suppose 8*j - 18 = 5*j. Let f(r) = -r**2 - 4 + 11 + 6*r - r**3 + 6*r**2. Let y be f(j). What is the highest common divisor of 28 and y?
7
Let p be (2/(-5))/(2/100). Let t = p - -37. What is the greatest common factor of 17 and t?
17
Let x be (1 - (2 + -1)) + 6. Suppose -10 = -3*m - 2*m. Suppose 39 = 5*d + 3*v, v - 21 = -4*d + m*v. What is the highest common divisor of x and d?
6
Let l = -26 - -191. Let o be (-17 - -2)/((-1)/1). Calculate the highest common divisor of o and l.
15
Let p(z) = z**3 - 10*z**2 + 10*z + 1. Let k be p(9). What is the highest common divisor of 2 and k?
2
Suppose 3*g = -4*n + 4, -3*g + g + 41 = -5*n. Calculate the greatest common divisor of 72 and g.
8
Let u = -2 + 2. Let q = u - -2. Suppose -9 = -5*s + 2*w + 61, 2*s - q*w = 22. Calculate the highest common factor of s and 16.
16
Let c = 2 + 1. Suppose 4*k - 591 = -c*m, 3*k - 3*m - 417 = -0*m. Calculate the greatest common factor of 18 and k.
18
Let g be -1*(-4)/2 + 3. Let k = 16 + -11. Calculate the greatest common factor of k and g.
5
Let g(t) = 33*t**2 - 3*t - 1. Let u be g(-1). Calculate the highest common divisor of 245 and u.
35
Let p(s) = -4*s + 17. Let a be p(-10). What is the highest common divisor of a and 38?
19
Suppose 2*o + 2*o = 52. Calculate the highest common divisor of 13 and o.
13
Let g(b) = 4*b**2 + b. Let w be g(-2). What is the greatest common divisor of w and 35?
7
Suppose -5*x + 2*c + 4 = 0, 7 = 2*c + 1. Suppose 0 = -3*q - 0*q. Suppose 2*y + 38 = 2*h - q, -75 = -3*h - 3*y. Calculate the highest common factor of h and x.
2
Suppose 0 = -2*g + 4*g + z - 77, g - 5*z = 11. What is the highest common factor of g and 180?
36
Let a be (-5)/2*(-78)/5. Calculate the greatest common divisor of 26 and a.
13
Suppose -q + 3*n = 4, 14 = 4*q - n - n. What is the highest common factor of q and 1?
1
Let z(t) = -t**3 - 7*t**2 - 8*t - 3. Let r be z(-6). Let i be 794/8 + 3/(-12). What is the highest common divisor of r and i?
9
Suppose -4*f + 4*j - 8 = 0, -3*j = 4*f - f - 18. Suppose -f*h = 2*h - 16. What is the highest common factor of h and 32?
4
Let y be (2/(-12) + -1)/((-4)/24). What is the greatest common divisor of y and 35?
7
Let q = -19 + 14. Let j(n) = 2*n**2 + 4*n - 3. Let s be j(q). Calculate the greatest common factor of 81 and s.
27
Suppose 7*o = -3*n + 2*o + 9, 5*n + 13 = o. Let p be 165/9 - n/(-6). What is the greatest common divisor of 18 and p?
18
Suppose y + 3 = 0, -3*o - 16 = 5*y - 4. Suppose c - 5*h = 2*c + o, 0 = -3*c + 5*h + 97. What is the highest common factor of 12 and c?
12
Let j = -147 + 187. Let k be (-1)/(-3) + (-16)/(-6). Let z = k - -13. Calculate the greatest common divisor of j and z.
8
Let k = 11 - -1. Let w = -5 - -14. Let t = w - -27. What is the greatest common factor of k and t?
12
Let h be 3/(1/(-2)*-2). Let g = -5 + 17. What is the highest common factor of h and g?
3
Let a(u) = 9*u**2 - u - 8. Let s be a(-2). What is the greatest common factor of 20 and s?
10
Suppose -4*w + 1631 = t, 4*w + 4*t - t = 1637. What is the highest common factor of 37 and w?
37
Let d(b) = b**3 - 3*b**2 + 2*b - 3. Let v be d(3). Calculate the highest common factor of v and 27.
3
Let t = 18 - 3. What is the highest common divisor of t and 135?
15
Let q(t) = t**3 + 2*t**2 + t + 2. Let u be q(-2). Suppose u = h - 3*h + 20. What is the greatest common divisor of 20 and h?
10
Let v = 36 - 21. Suppose 13*g + 294 = v*g. What is the greatest common factor of 21 and g?
21
Let h be (3 + -1)*(20 + 0). Calculate the highest common divisor of 10 and h.
10
Suppose 2 - 8 = -3*c. Suppose 0 = -3*d + 34 + c. What is the highest common factor of d and 12?
12
Let i(c) = -c**3 + 4*c**2 - c + 4. Let u be i(-4). Let t = 444 - 427. What is the highest common divisor of t and u?
17
Let c = -13 + 26. Let f(v) = -v**2 + 15*v - 18. Let j be f(c). Calculate the highest common factor of 20 and j.
4
Let i = 106 + -76. Calculate the greatest common divisor of 70 and i.
10
Let m = -526 + 170. Let b be m/(-18) - 4/(-18). Suppose 2*u - u + 3*o - 14 = 0, 2*u + 4*o - b = 0. Calculate the highest common factor of 1 and u.
1
Suppose -4*m = -4*n - 8, 5*n = m + 3*n. Let a = 6 + -5. Calculate the greatest common factor of a and m.
1
Suppose 3*m = -4*w + 83, w + 5*m - 21 - 21 = 0. Suppose 0 = -3*r + 130 - 28. Suppose -3*z + z + r = 0. Calculate the greatest common divisor of w and z.
17
Let p = 24 - 23. Calculate the greatest common divisor of 5 and p.
1
Suppose 2*b = 8, 5*u - 2*b = -3*b + 264. Calculate the greatest common divisor of 13 and u.
13
Suppose -3*d + 37 = -11. Let p(f) be the first derivative of f**3/3 + 3*f**2/2 + 8*f + 2. Let v be p(-8). Calculate the greatest common factor of d and v.
16
Let q(j) = j**2 + 2*j. Let b be q(6). What is the greatest common divisor of 16 and b?
16
Let b(a) be the second derivative of -a**4/12 - a**3/6 + 20*a**2 + 3*a. Let k be b(0). What is the highest common divisor of 16 and k?
8
Let j(r) = r**2 - 2*r + 2. Let y be j(4). Let f(g) = -7*g + 3. Let i be f(-1). Calculate the greatest common divisor of y and i.
10
Let j(z) = z**3 - 5*z**2 - 4*z. Let u be j(5). Let c = u + 14. Let v(w) = -w**2 - 1